= q + 419. Is g composite?
False
Let w(i) = i - 60*i**3 + 3*i - 3*i. Is w(-1) prime?
True
Let x be ((-5154)/(-9))/(2/3). Suppose x = 2*b + 133. Suppose 0 = 5*v - 4*l - 505, 4*v - 5*l = -10*l + b. Is v a prime number?
True
Suppose -2 = -j + 3*j + 2*r, 2*j = 3*r + 3. Suppose l + 136 - 347 = j. Is l composite?
False
Let c(j) = -56*j - 2. Is c(-5) a composite number?
True
Let f(l) = l**2 - 4*l - 1. Suppose -16 = 4*n - 2*q, -2*n - n - 22 = q. Is f(n) a prime number?
True
Let w(z) = 66*z + 57. Is w(7) prime?
False
Let j(t) = 89*t + 26. Is j(4) a prime number?
False
Let l(p) = 82*p**3 - p**2. Let x be l(2). Suppose 2*s = -5*t + x, 0*t = -2*s + 4*t + 652. Suppose -c = -3*c + s. Is c a prime number?
True
Let u(k) = -k + 9. Let h be u(4). Let c = h + 16. Is c composite?
True
Let y(d) = -9*d**3 + 3*d**2 + 19*d + 21. Is y(-6) composite?
True
Suppose -9899 = -33*d + 14*d. Is d a prime number?
True
Let p = -845 + 1900. Is p composite?
True
Let s be 80 + 1 - (3 - 1). Let q be (-30)/9*1/((-5)/(-15)). Let u = s - q. Is u a composite number?
False
Suppose 3*n = n + 20. Is n prime?
False
Let q be 1/(-3) + (-57)/(-9). Let c = q - 4. Suppose -c*s = s - 6. Is s prime?
True
Let k be 4/(-14) + (-52)/14. Let z be 2*((-10)/k)/5. Is z/(-5) + 464/20 a composite number?
False
Let m(t) = t - 83. Let o(i) = 3*i - 248. Let u(j) = 17*m(j) - 6*o(j). Let c = 6 - 6. Is u(c) a prime number?
False
Let m be (-354)/(-4)*(-2)/3. Let o = 16 + m. Let a = o - -80. Is a a prime number?
True
Let x(c) = c**3 - 4*c**2 + 8*c - 6. Is x(5) a composite number?
False
Let o be 2*-1 - (-5 + 3). Let w(p) = o*p - p - 4*p + 16 + 6*p. Is w(-9) composite?
False
Suppose 5 = -2*s + 15. Suppose 2*l + u + 17 = 52, -s*u = -l + 45. Suppose y - l = 17. Is y prime?
True
Let h(y) = -7*y**2 - 2*y - 1. Let k be h(-1). Let l be (27/k - -3)*-2. Is l/9*67*3 composite?
False
Let z = 18 - -14. Let s = 63 - z. Is s prime?
True
Suppose 4*u - 6589 = -s, -3*u - 884 + 5807 = -3*s. Suppose 0 = m + 4*y - 537, 3*m + 6*y - y = u. Is m a prime number?
True
Suppose 0*q + 2*q = 5*t + 708, -4*q + 1426 = -5*t. Is q a prime number?
True
Let g = 99 + -148. Suppose 2*c - 2*q = -28, -4*q - 39 = 5*c + 49. Let p = c - g. Is p composite?
True
Let f = 195 + -4. Is f composite?
False
Let a = -73 + 158. Is a composite?
True
Let o be ((-293)/2*-20)/2. Suppose 2*b + o = 7*b. Is b a composite number?
False
Is (-6)/(-8) + 9/(-24)*-1686 a prime number?
False
Let j(k) = 107*k**2 + 3*k + 1. Suppose 5*a + 10 = -0*a. Let p be j(a). Is 2/(-8) + p/12 composite?
True
Suppose 146 = 2*p - 4*p. Let h = p + 222. Is h a prime number?
True
Suppose 0 = -l - 3*l + 832. Suppose 0*f - 4*f = -l. Suppose 5*s - 123 - f = 0. Is s a composite number?
True
Suppose n - 41 - 26 = 0. Suppose b + 4*a = n, -a - 27 = b - 85. Is b prime?
False
Let d(y) = -7*y - 1. Let z be d(-5). Let t = z + -212. Let h = t + 381. Is h a prime number?
False
Let s be (-4)/(-6) - 14/3. Is ((-4)/(-6))/(s/(-678)) prime?
True
Suppose -z - 4*j + 17 = 0, 2*z + z + j - 106 = 0. Suppose 5*h - z = 118. Is h a prime number?
True
Suppose 1560 = -0*u + 4*u - 4*t, u = -2*t + 405. Is u a composite number?
True
Suppose 0 = 4*o - 5*i - 1202, 9 - 3 = -3*i. Is o a composite number?
True
Let h = 25 - 15. Is h*1/4*22 a composite number?
True
Suppose -15 = -o - 0. Suppose 0 + o = -5*q. Is 1/3 + (-116)/q a composite number?
True
Let z(a) = a**2 - 1. Let u be z(2). Suppose -u*m - 6 = -6*m. Is -1*2*(-5 + m) composite?
True
Let n(h) = 2*h. Let c be n(8). Suppose 4*r + c = 2*a - 70, 59 = 2*a + 5*r. Is a prime?
True
Let p(j) = 5*j**2 + 14*j + 10. Is p(-7) prime?
True
Let o(l) = 25*l**2 - 16*l - 30. Is o(9) a composite number?
True
Let w(j) = 138*j - 11. Is w(7) a composite number?
True
Suppose 7*q - 6275 = 2*q + 5*r, 5*r = -5*q + 6315. Is q a prime number?
True
Let l be (750/(-9))/(-5)*3. Suppose -2*s - 4*b = -l, -2*b + 94 = 4*s + 3*b. Is s a prime number?
False
Let h = 4 + -1. Suppose h*g = -0*g + 75. Is g a composite number?
True
Let v be (8 + 1)*(-6)/9. Let q(n) = -n**2 - 12*n + 1. Is q(v) composite?
False
Let s(j) = 2*j - 3. Suppose 0 = -2*u + 6. Let h be s(u). Suppose 0*b = 3*b - 4*c - 138, b = h*c + 46. Is b a prime number?
False
Let a(q) = 5*q**2 + 3*q + 1. Let i be a(-4). Is 4/6*i/2 a composite number?
False
Let p be (-3 - -1) + 6/2. Suppose p = 5*l - 14. Suppose -l*g = 4*q - 503, 5*g - 4*q - 923 = -138. Is g composite?
True
Is (-19)/38*(-1 - 885) prime?
True
Let i be (2972/(-2))/(-14 - -12). Let b = 1245 - i. Is b a prime number?
False
Suppose 0 = 4*h - 5*w + 9, -w = -5*h - 5 - 1. Is h/((-3)/924) - 1 composite?
False
Suppose -4*p - 3655 + 9827 = 0. Is p composite?
False
Let a(c) = -c**2 - 6*c - 3. Let t be a(-4). Suppose -3*q - 3*o + 261 = -714, -t*o = q - 325. Suppose 3*m = -5*g + q, -g - 3*g = -2*m - 238. Is g composite?
True
Let p = 919 - 526. Is p composite?
True
Let d = 746 + -523. Is d composite?
False
Suppose -560 = -v - 136. Let u = 81 + v. Is u a composite number?
True
Let v(j) be the first derivative of j**3/3 - 3*j**2/2 - 3*j - 1. Is v(8) composite?
False
Let n = 47 + -10. Is n composite?
False
Suppose -7*c + 81 = -12470. Is c composite?
True
Suppose -2*v = -4*o, -26 = 5*v + 3*o + 13. Let y(q) = -q**2 - 19*q + 1. Is y(v) a prime number?
True
Let j be (-42)/(-4)*12/9. Suppose -u = -125 + j. Is u a composite number?
True
Suppose 2*c + 41 = 831. Suppose 0 = -5*o + c + 320. Is o a composite number?
True
Let i be (84 - -2)/((-4)/(-4)). Suppose -n + i = n. Is n a prime number?
True
Suppose 111343 = 5*q - 0*q + 4*v, q - 22277 = 2*v. Is q prime?
True
Let b = 0 + 0. Suppose -r - 4*r + 470 = b. Suppose 0 = -3*n + r + 47. Is n composite?
False
Let t = 164 - 85. Is t prime?
True
Suppose -5*p - r = -3*r + 129, 3*r - 6 = 0. Let v = -15 - p. Is v composite?
True
Is (3 + -2)/(4/596) prime?
True
Let b = 5064 + -3371. Is b a composite number?
False
Suppose 2*q + 12 = 4*u, 0 = -4*q + 17 - 1. Suppose u*n = 4*l + 4569, 2*l - 4*n = -2*l - 4564. Is l/(-12) - (-1)/3 prime?
False
Let a be -2*(0 + (-9)/6). Let r be (-1 - (-46)/6)*a. Suppose -5*t + 5*o + 15 = 2*o, 5*t = 2*o + r. Is t a prime number?
False
Let s be 5 + (-6)/3 - -11. Let v = s + 7. Is v a prime number?
False
Suppose m = 2*m - 42. Suppose -82 = -u + m. Suppose -3*b - 5 = 2*k - u, 78 = 2*b + k. Is b a prime number?
True
Let v(b) = 16*b + 3. Let l be v(-5). Suppose 4*o - y + 136 = -292, 2*y = -o - 116. Let u = l - o. Is u a composite number?
False
Suppose 516 + 261 = 7*z. Is z composite?
True
Suppose 12*j + 2*j - 5726 = 0. Is j a composite number?
False
Let m = -18 - 27. Let i = 32 - m. Is i a prime number?
False
Let u be (8 + -1)*246/2. Let h = u - 426. Suppose 0 = -2*l + 5*p + h, 2*l - 3*p - 4 = 421. Is l a prime number?
False
Let i(d) be the second derivative of d**5/20 + d**4/12 - d**3 + d**2 + 4*d. Is i(4) prime?
False
Let p = -102 + 185. Is p composite?
False
Let s(f) = f**2 + 1 + 2*f**3 + f**2 - 5*f**2 + 3*f - f. Is s(3) composite?
True
Let h(p) be the third derivative of -p**6/120 - p**5/15 + 7*p**4/24 + 7*p**3/6 - 2*p**2. Is h(-6) a composite number?
False
Let s = -548 - -198. Let j = -130 - s. Let a = j + -59. Is a a composite number?
True
Suppose 3 = -2*h - 1, 3*r - 4*h - 323 = 0. Suppose -2*g + 5*m + r = 0, -2*g = -5*g - 4*m + 169. Is g a composite number?
True
Let f be ((-2)/(-4))/((-1)/(-324)). Suppose -3*u + 3*v = -f, -2*v - 3*v - 168 = -3*u. Is u composite?
True
Suppose 1424 = 3*j - 5*i, -2608 = -4*j + 2*i - 714. Is j a prime number?
False
Suppose -p = -5*m - 0*p + 3, 4*m + 3 = -p. Suppose m = 3*x - x - 88. Suppose 0*u = -4*u + x. Is u prime?
True
Suppose -4*w + 5*l + 12 = 0, 9 = -5*w - 2*l - 9. Let a be (2*(0 - 1))/w. Suppose 4*g = -4*s + 12, 2*g - 2 = -3*s + a. Is g a prime number?
False
Let x(t) = t**2 - 2*t - 3. Let v be x(-7). Suppose 4*u + 4*g - 31 = 3*u, -3*u - g + v = 0. Let y = 38 - u. Is y composite?
False
Suppose 0*j = -3*j. Let b = j + 3. Suppose 5*y - 106 = b*y. Is y a prime number?
True
Let r = -3 + 8. Suppose -r*n + 166 = -3*n. Is n a prime number?
True
Let m = -10 + 14. Suppose -m*a + d + 120 = 0, -3*a = 4*d - 49 - 60. Is 1/((-2)/(-4)) + a a prime number?
False
Is (-3)/((-6)/(-766))*(-14 - -3) composite?
True
Let t(a) = -3*a - 1. Let c be t(8). Let h = c + 7. Let u = 29 + h. Is u composite?
False
Suppose 3*s + 25 = 4*s. Suppose 